{"id":6831,"date":"2022-02-07T12:25:34","date_gmt":"2022-02-07T12:25:34","guid":{"rendered":"http:\/\/wa.legnica.edu.pl\/?page_id=6831"},"modified":"2025-08-04T08:29:10","modified_gmt":"2025-08-04T08:29:10","slug":"sprawozdanie-zarzadu-stowarzyszenia","status":"publish","type":"page","link":"http:\/\/wa.legnica.edu.pl\/index.php\/sprawozdanie-zarzadu-stowarzyszenia\/","title":{"rendered":"Sprawozdanie Zarz\u0105du Stowarzyszenia"},"content":{"rendered":"\n<p><strong>Sprawozdanie Zarz\u0105du Stowarzyszenia<\/strong><\/p>\n\n\n\n<p><strong>\u201eWsp\u00f3lnota Akademicka\u201d<\/strong><\/p>\n\n\n\n<p><strong>z dzia\u0142alno\u015bci za rok 2024<\/strong><\/p>\n\n\n\n<p>Walne Zebranie Cz\u0142onk\u00f3w Stowarzyszenia 08.06.2021 r. wybra\u0142o Zarz\u0105d Stowarzyszenia pi\u0105tej kadencji (2021 \u2013 2026)<\/p>\n\n\n\n<p>w sk\u0142adzie:<\/p>\n\n\n\n<ol class=\"wp-block-list\">\n<li>Jerzy Stefaniak \u2013 Prezes Zarz\u0105du,<\/li>\n\n\n\n<li>Zbigniew Muzyka \u2013 Wiceprezes Zarz\u0105du,<\/li>\n\n\n\n<li>Andrzej Senko \u2013 Skarbnik Stowarzyszenia,<\/li>\n\n\n\n<li>Katarzyna S\u0119powicz-Buczko \u2013 Sekretarz Zarz\u0105du,<\/li>\n\n\n\n<li>Piotr Zanto \u2013 Cz\u0142onek Zarz\u0105du,<\/li>\n<\/ol>\n\n\n\n<p>Zarz\u0105d Stowarzyszenia za najwa\u017cniejsze w dzia\u0142alno\u015bci Stowarzyszenia, zgodnie z g\u0142\u00f3wnym celem statutowym Stowarzyszenia, uzna\u0142 wspieranie idei rozwoju Collegium Witelona Uczelnia Pa\u0144stwowa w Legnicy. W&nbsp;bie\u017c\u0105cej dzia\u0142alno\u015bci Stowarzyszenia Zarz\u0105d przyj\u0105\u0142 kilka zasad:<\/p>\n\n\n\n<ol class=\"wp-block-list\">\n<li>Stowarzyszenie jest organizacj\u0105 non-profit \u2013 Stowarzyszenie realizuje w dzia\u0142alno\u015bci statutowej cele niezarobkowe, a\u00a0dochody z dzia\u0142alno\u015bci gospodarczej Stowarzyszenia przeznaczane s\u0105 na realizacj\u0119 cel\u00f3w statutowych.<\/li>\n\n\n\n<li>Stowarzyszenie jest organizacj\u0105 istniej\u0105c\u0105 dzi\u0119ki ludziom, kt\u00f3rzy chc\u0105 wspiera\u0107 realizacj\u0119 cel\u00f3w statutowych Stowarzyszenia.<\/li>\n\n\n\n<li>Stowarzyszenie jest organizacj\u0105 pozarz\u0105dow\u0105, nie zwi\u0105zan\u0105 z \u017cadn\u0105 parti\u0105 czy organizacj\u0105 polityczn\u0105 i\u00a0jest organizacj\u0105 neutraln\u0105 \u015bwiatopogl\u0105dowo.<\/li>\n<\/ol>\n\n\n\n<p>Zarz\u0105d Stowarzyszenia w roku 2024 odby\u0142 4 posiedzenia, ponadto podejmowa\u0142 decyzje przy wykorzystaniu \u015brodk\u00f3w bezpo\u015bredniego porozumiewania si\u0119 na odleg\u0142o\u015b\u0107.<\/p>\n\n\n\n<p>Cz\u0142onkowie Zarz\u0105du Stowarzyszenia obowi\u0105zki swoje wykonywali spo\u0142ecznie, nie pobieraj\u0105c ze Stowarzyszenia \u201eWsp\u00f3lnota Akademicka\u201d \u017cadnego wynagrodzenia.<\/p>\n\n\n\n<p>W 2024 r. Zarz\u0105d podejmowa\u0142 decyzje dotycz\u0105ce nast\u0119puj\u0105cych spraw:<\/p>\n\n\n\n<ol start=\"1\" class=\"wp-block-list\">\n<li>Kontroli wp\u0142at sk\u0142adek cz\u0142onkowskich.<\/li>\n\n\n\n<li>Sprawozdania finansowego Stowarzyszenia za rok 2023.<\/li>\n\n\n\n<li>Sprawozdania z dzia\u0142alno\u015bci Stowarzyszenia za rok 2023.<\/li>\n\n\n\n<li>Sprawozdania z dzia\u0142alno\u015bci Zarz\u0105du za rok 2023.<\/li>\n\n\n\n<li>Planu dzia\u0142ania i planu finansowo-rzeczowego Stowarzyszenia na rok 2024.<\/li>\n\n\n\n<li>Przygotowa\u0144 Walnego Zebrania Cz\u0142onk\u00f3w Stowarzyszenia.<\/li>\n\n\n\n<li>Zatrudnienia w Technikum Akademickim os\u00f3b nie posiadaj\u0105cych przygotowania pedagogicznego.<\/li>\n\n\n\n<li>Planu finansowo-rzeczowego Akademickiego Liceum Og\u00f3lnokszta\u0142c\u0105cego na rok szkolny 2024\/2025 oraz informacji na temat funkcjonowania ALO.<\/li>\n\n\n\n<li>Planu finansowo-rzeczowego Technikum Akademickiego na rok szkolny 2024\/2025 oraz informacji na temat TA.<\/li>\n\n\n\n<li>\u00a0Wypowiedzenia umowy o prac\u0119 Dyrektorowi Akademickiego Liceum Og\u00f3lnokszta\u0142c\u0105cego oraz stwierdzenia ustania cz\u0142onkostwa w Stowarzyszeniu ze wzgl\u0119du na niep\u0142acenie sk\u0142adek.<\/li>\n\n\n\n<li>Funkcjonowania Zespo\u0142u Szk\u00f3\u0142 Akademickich.<\/li>\n\n\n\n<li>Odwo\u0142ania i powo\u0142ania Dyrektora oraz Zast\u0119pcy Dyrektora Zespo\u0142u Szk\u00f3\u0142 Akademickich.<\/li>\n\n\n\n<li>Przyj\u0119cia \u00abProcedury przyjmowania i rozpatrywania zg\u0142osze\u0144 narusze\u0144 prawa w Stowarzyszeniu \u201eWsp\u00f3lnota Akademicka\u201d\u00bb.<\/li>\n\n\n\n<li>Powo\u0142ania osoby odpowiedzialnej za przyjmowanie zg\u0142osze\u0144 oraz za dokonanie dzia\u0142a\u0144 nast\u0119pczych w Stowarzyszeniu \u201eWsp\u00f3lnota Akademicka\u201d.<\/li>\n\n\n\n<li>Wniosk\u00f3w na dofinansowanie dzia\u0142a\u0144 Stowarzyszenia.<\/li>\n\n\n\n<li>Olimpiady Mediewistycznej.<\/li>\n\n\n\n<li>Pomocy dla Ukrainy.<\/li>\n<\/ol>\n\n\n\n<ol start=\"18\" class=\"wp-block-list\">\n<li>Informacji w sprawie Turnieju o Puchar Witelona.<\/li>\n\n\n\n<li>Przyj\u0119cia Regulaminu Zak\u0142adowego Funduszu \u015awiadcze\u0144 Socjalnych w Stowarzyszeniu.<\/li>\n\n\n\n<li>Nadzoru i kontroli nad bie\u017c\u0105c\u0105 dzia\u0142alno\u015bci\u0105 Stowarzyszenia, szczeg\u00f3lnie w odniesieniu do dzia\u0142alno\u015bci gospodarczej.<\/li>\n<\/ol>\n\n\n\n<p>Legnica, 20.05.2025 r.&nbsp;&nbsp;&nbsp;&nbsp;&nbsp;&nbsp;&nbsp;&nbsp;&nbsp;&nbsp;&nbsp;&nbsp;&nbsp;&nbsp;&nbsp;&nbsp;&nbsp;&nbsp;&nbsp;&nbsp;&nbsp;&nbsp;&nbsp;&nbsp; &nbsp;&nbsp;&nbsp;&nbsp;&nbsp;&nbsp;&nbsp;&nbsp;&nbsp;&nbsp;&nbsp; &nbsp;&nbsp;&nbsp;&nbsp;&nbsp;&nbsp;&nbsp;&nbsp;&nbsp;&nbsp;&nbsp; Zarz\u0105d Stowarzyszenia:<\/p>\n\n\n\n<p>Jerzy Stefaniak<\/p>\n\n\n\n<p>Zbigniew Muzyka<\/p>\n\n\n\n<p>Andrzej Senko<\/p>\n\n\n\n<p>Katarzyna S\u0119powicz-Buczko<\/p>\n\n\n\n<p>Piotr Zanto<\/p>\n\n\n\n<p><\/p>\n","protected":false},"excerpt":{"rendered":"<p>Sprawozdanie Zarz\u0105du Stowarzyszenia \u201eWsp\u00f3lnota Akademicka\u201d z dzia\u0142alno\u015bci za rok 2024 Walne Zebranie Cz\u0142onk\u00f3w Stowarzyszenia 08.06.2021 r. wybra\u0142o Zarz\u0105d Stowarzyszenia pi\u0105tej [&hellip;]<\/p>\n","protected":false},"author":1,"featured_media":0,"parent":0,"menu_order":0,"comment_status":"closed","ping_status":"closed","template":"","meta":{"cybocfi_hide_featured_image":"","footnotes":""},"class_list":["post-6831","page","type-page","status-publish","hentry"],"_links":{"self":[{"href":"http:\/\/wa.legnica.edu.pl\/index.php\/wp-json\/wp\/v2\/pages\/6831","targetHints":{"allow":["GET"]}}],"collection":[{"href":"http:\/\/wa.legnica.edu.pl\/index.php\/wp-json\/wp\/v2\/pages"}],"about":[{"href":"http:\/\/wa.legnica.edu.pl\/index.php\/wp-json\/wp\/v2\/types\/page"}],"author":[{"embeddable":true,"href":"http:\/\/wa.legnica.edu.pl\/index.php\/wp-json\/wp\/v2\/users\/1"}],"replies":[{"embeddable":true,"href":"http:\/\/wa.legnica.edu.pl\/index.php\/wp-json\/wp\/v2\/comments?post=6831"}],"version-history":[{"count":5,"href":"http:\/\/wa.legnica.edu.pl\/index.php\/wp-json\/wp\/v2\/pages\/6831\/revisions"}],"predecessor-version":[{"id":8913,"href":"http:\/\/wa.legnica.edu.pl\/index.php\/wp-json\/wp\/v2\/pages\/6831\/revisions\/8913"}],"wp:attachment":[{"href":"http:\/\/wa.legnica.edu.pl\/index.php\/wp-json\/wp\/v2\/media?parent=6831"}],"curies":[{"name":"wp","href":"https:\/\/api.w.org\/{rel}","templated":true}]}}